33
What is 406 (base 11) in base 14?
270
Convert 1611 (base 13) to base 6.
22533
1213020 (base 5) to base 9
34347
Convert -1321133 (base 4) to base 14.
-2b95
Convert 1430 (base 5) to base 15.
110
What is 36345 (base 8) in base 9?
23341
Convert 2bc (base 14) to base 2.
1000101110
6356 (base 8) to base 14
12c6
Convert 23021 (base 4) to base 5.
10323
14520 (base 6) to base 7
6600
Convert 42a (base 11) to base 14.
28c
What is -613 (base 12) in base 3?
-1012120
What is 11ca (base 16) in base 10?
4554
Convert 25232 (base 6) to base 9.
5142
Convert -14d68 (base 14) to base 3.
-2122101010
What is -b4a (base 13) in base 14?
-9b3
4027 (base 10) to base 4
332323
What is -23031 (base 4) in base 12?
-4b9
Convert 3634 (base 8) to base 10.
1948
What is -30241 (base 6) in base 16?
-f91
62b5 (base 13) to base 11
a2a6
Convert c3 (base 13) to base 2.
10011111
Convert 1a8 (base 14) to base 2.
101011000
-5ced (base 15) to base 11
-13969
4d4 (base 15) to base 16
44b
What is -21745 (base 10) in base 4?
-11103301
100000 (base 2) to base 13
26
What is -80 (base 16) in base 11?
-107
Convert -1593 (base 12) to base 13.
-121b
What is -10458 (base 9) in base 4?
-1230122
What is -3330 (base 4) in base 11?
-20a
What is -645 (base 12) in base 14?
-497
What is 317 (base 13) in base 7?
1352
Convert -1aa7 (base 15) to base 5.
-141112
Convert 2004 (base 8) to base 9.
1362
What is 1a6 (base 11) in base 10?
237
-661 (base 16) to base 11
-1255
What is -2b93 (base 14) in base 4?
-1321131
214002 (base 5) to base 14
298d
-123113 (base 4) to base 5
-24001
Convert 70bf (base 16) to base 13.
101a3
Convert 11312 (base 4) to base 2.
101110110
Convert 9c9 (base 16) to base 3.
10102210
Convert 66263 (base 9) to base 13.
17016
Convert -1565 (base 9) to base 13.
-70a
Convert -5204 (base 7) to base 11.
-1402
What is 18112 (base 9) in base 6?
133445
Convert 70 (base 15) to base 8.
151
-b3 (base 15) to base 5
-1133
Convert -101101111 (base 2) to base 11.
-304
Convert b135 (base 15) to base 4.
21020120
Convert -303103 (base 4) to base 5.
-101113
Convert 17769 (base 13) to base 14.
12694
Convert 12931 (base 15) to base 9.
100481
What is 1033121 (base 4) in base 10?
5081
1004222 (base 5) to base 8
37473
7059 (base 12) to base 11
915a
What is 1b1 (base 12) in base 7?
544
2022100001 (base 3) to base 8
130602
Convert 54501 (base 6) to base 2.
1110101100101
-2cb3 (base 16) to base 3
-120200211
5409 (base 11) to base 6
53032
What is 3045 (base 6) in base 2?
1010100101
Convert -6a62 (base 11) to base 7.
-36003
Convert 1697 (base 14) to base 16.
fd5
What is -10551 (base 9) in base 10?
-7012
-10001 (base 4) to base 7
-515
What is 1458 (base 11) in base 3?
2120120
131521 (base 6) to base 3
121120011
What is -161c (base 14) in base 2?
-111101101010
-c1e (base 16) to base 15
-dbc
-46 (base 12) to base 3
-2000
30410 (base 5) to base 7
5526
What is -ad3a (base 15) in base 7?
-212041
Convert -178b (base 15) to base 2.
-1001111011001
What is -183b (base 15) in base 14?
-1c99
What is -21675 (base 11) in base 4?
-13222331
-12d (base 16) to base 5
-2201
What is 1000021 (base 3) in base 2?
1011100000
What is -3010 (base 4) in base 2?
-11000100
What is 11111000 (base 2) in base 12?
188
348 (base 11) to base 8
637
100210 (base 4) to base 3
1110021
Convert 233341 (base 5) to base 12.
4b84
131164 (base 7) to base 3
1020112111
Convert 24084 (base 9) to base 16.
3ef2
-4144 (base 6) to base 3
-1021101
-55b8 (base 12) to base 7
-36461
Convert 7053 (base 8) to base 6.
24443
Convert -3620 (base 8) to base 15.
-891
-3249 (base 10) to base 8
-6261
What is -3063 (base 9) in base 13?
-1038
Convert -13 (base 7) to base 15.
-a
What is 1dc (base 16) in base 4?
13130
What is 1280 (base 10) in base 12?
8a8
What is -101233 (base 4) in base 14?
-5b1
-14531 (base 11) to base 10
-20604
-9008 (base 10) to base 12
-5268
Convert ed86 (base 15) to base 3.
2120000000
Convert 2a0c (base 14) to base 11.
5672
Convert -162e (base 15) to base 16.
-12a1
Convert -94 (base 11) to base 9.
-124
-7a (base 16) to base 3
-11112
What is 141433 (base 6) in base 2?
11010000011101
-122 (base 14) to base 8
-342
What is -1cb (base 13) in base 12?
-240
-38aa (base 15) to base 14
-4593
What is -4236 (base 7) in base 12?
-a49
What is -3291 (base 12) in base 6?
-41501
What is 220120110 (base 3) in base 9?
26513
Convert -259a3 (base 13) to base 16.
-11081
5c3c (base 13) to base 10
13064
Convert -33b (base 13) to base 15.
-272
What is -31e7 (base 16) in base 3?
-122112011
-133333 (base 4) to base 10
-2047
Convert 10232 (base 4) to base 13.
1a3
What is -111000001 (base 2) in base 7?
-1211
What is -322 (base 15) in base 12?
-4ab
Convert 47e (base 16) to base 10.
1150
Convert -39c (base 14) to base 8.
-1326
What is -234222 (base 5) in base 10?
-8687
Convert 243514 (base 6) to base 2.
101010001000110
What is -1bb9 (base 14) in base 7?
-20522
What is 2324 (base 9) in base 10?
1723
Convert -16104 (base 9) to base 10.
-11020
Convert dd (base 14) to base 6.
523
Convert 97 (base 11) to base 3.
10221
What is -222111 (base 4) in base 9?
-3640
Convert -b93 (base 12) to base 7.
-4641
Convert -6492 (base 11) to base 6.
-103403
What is 505 (base 9) in base 13?
257
What is 1513 (base 6) in base 10?
405
Convert 1442 (base 6) to base 13.
239
-768 (base 9) to base 15
-2be
What is -2de (base 16) in base 9?
-1005
Convert -289 (base 10) to base 11.
-243
What is -193 (base 12) in base 13?
-168
Convert -120003 (base 4) to base 6.
-11043
Convert -22221 (base 4) to base 15.
-306
5236 (base 7) to base 8
3460
What is -10111011001 (base 2) in base 9?
-2043
2a8 (base 12) to base 14
21a
Convert 1613 (base 15) to base 11.
3622
Convert 11101110001 (base 2) to base 3.
2121120
3834 (base 14) to base 13
4635
What is -15166 (base 7) in base 10?
-4213
What is -573 (base 16) in base 15?
-630
What is 6764 (base 8) in base 2?
110111110100
128a (base 11) to base 14
875
-414 (base 6) to base 12
-10a
What is 56c (base 15) in base 11?
a16
Convert 13430 (base 5) to base 8.
2133
What is -762 (base 14) in base 6?
-10430
What is -6411 (base 8) in base 5?
-101322
What is -302 (base 15) in base 16?
-2a5
What is 1100122 (base 3) in base 14?
509
What is -7855 (base 9) in base 16?
-16a9
Convert -6544 (base 7) to base 2.
-100100011111
108 (base 15) to base 3
22122
-4001223 (base 5) to base 15
-13893
What is 529 (base 13) in base 11?
730
What is 5343 (base 9) in base 12?
2333
-1001033 (base 4) to base 13
-1b92
-1000100 (base 3) to base 16
-2e2
What is -15245 (base 6) in base 5?
-34402
-368 (base 10) to base 15
-198
What is -1040445 (base 6) in base 2?
-1100101100101101
What is 40440 (base 6) in base 14?
1d44
Convert 3415 (base 8) to base 9.
2425
-40601 (base 9) to base 11
-190a1
1242230 (base 5) to base 2
110000001110010
-10428 (base 11) to base 16
-3b33
What is -313310 (base 6) in base 12?
-12836
What is -77550 (base 8) in base 10?
-32616
What is -16b2b (base 13) in base 16?
-aa77
-2b2 (base 12) to base 5
-3142
2020011 (base 3) to base 2
11001011000
-41903 (base 10) to base 15
-c638
2c5 (base 13) to base 16
1f3
-195 (base 16) to base 3
-120000
What is 1894 (base 12) in base 2?
101110110000
12141 (base 5) to base 9
1233
Convert -105 (base 14) to base 3.
-21110
What is -2364 (base 9) in base 8?
-3337
82 (base 16) to base 12
aa
Convert -100000111110011 (base 2) to base 13.
-78b9
Convert 24d (base 14) to base 3.
122002
3665 (base 12) to base 8
13755
-3261 (base 12) to base 13
-26a7
Convert -18c (base 16) to base 4.
-12030
What is -1d1 (base 15) in base 14?
-221
What is 1011110110111000 (base 2) in base 4?
23312320
Convert 2232 (base 5) to base 12.
225
-2601 (base 9) to base 10
-1945
Convert -22057 (base 8) to base 9.
-13632
Convert 62a5 (base 15) to base 14.
7859
-7315 (base 10) to base 8
-16223
-196d1 (base 14) to base 11
-44490
What is -1010000110 (base 2) in base 14?
-342
-15856 (base 11) to base 14
-81c9
What is -a0bd (base 15) in base 10?
-33928
Convert 4c66 (base 13) to base 12.
6384
Convert 4031 (base 6) to base 8.
1563
What is 2024 (base 6) in base 5?
3243
Convert 124140 (base 6) to base 12.
6650
Convert -ec4f (base 16) to base 7.
-341241
What is -450 (base 10) in base 4?
-13002
290 (base 14) to base 2
1000000110
Convert -101011012 (base 3) to base 8.
-16353
What is -30645 (base 7) in base 2?
-1110101101010
Convert